 j*f - 9, -10 = -2*a + f. What are the prime factors of a?
7
Suppose 30 = 5*i + 2*w, 3*w = 3*i + 2*i - 30. Suppose 5*n - 5*u = 25, 2*u = -3*n + i + 4. Suppose 0*y + v + 50 = 3*y, 8 = -n*v. List the prime factors of y.
2
Let k(m) = m**3 - 10*m**2 + 16*m - 46. List the prime factors of k(9).
17
Let j(i) = 3*i - 11. List the prime factors of j(7).
2, 5
Suppose 26*k + 30 = 24*k. What are the prime factors of ((-25)/k + -1)*105?
2, 5, 7
Let r(z) be the first derivative of 3*z**2/2 + 48*z + 42. What are the prime factors of r(-12)?
2, 3
Let s(a) = -6*a**3 + a**2 - a. Let q(h) = -h**3 - h. Let m(y) = -q(y) + s(y). Let k be m(1). Let w(d) = d**2 + 9. List the prime factors of w(k).
5
List the prime factors of 4/(-10) + (-4 - 18432/(-30)).
2, 5, 61
Suppose -3366 = -17*w - 102. List the prime factors of w.
2, 3
Suppose -7*h - 6*h = 0. Let m(a) = 3 - 2*a + 0*a + 0. List the prime factors of m(h).
3
Let j be 50/13 + 10/65. Suppose -j*t = 3*d + 7 - 21, -4*d = -3*t - 2. Let l = 44 - t. What are the prime factors of l?
2, 3, 7
Suppose -4*q + 115 = -277. Suppose q = -28*m + 30*m. Suppose -5*t + m + 271 = 0. What are the prime factors of t?
2
Suppose 3491 = w + 5*p, 5*w + 4*p + 1769 - 19287 = 0. List the prime factors of w.
2, 1753
Suppose 3*o - 538 = o. Suppose 5 + o = 2*x. List the prime factors of x.
137
Let p = 853 + 284. What are the prime factors of p?
3, 379
Let a = 248 - -262. What are the prime factors of a?
2, 3, 5, 17
Let i(q) = 2*q**2. Let a be i(-1). Suppose 3*o + a*o - 110 = 0. Let w = 34 - o. What are the prime factors of w?
2, 3
Let n = 18 + -150. Let v = n - -197. What are the prime factors of v?
5, 13
Suppose 18*d - 2918 = -2*t + 22*d, -5*t + 7239 = 4*d. What are the prime factors of t?
1451
Let u(p) = 250*p - 257. List the prime factors of u(3).
17, 29
Suppose 0 = t + 4*c - 1076, -5*t + 5404 = -4*c - 0*c. List the prime factors of t.
2, 3, 5
Let u = -630 - -1725. What are the prime factors of u?
3, 5, 73
Let z(j) be the third derivative of -j**6/120 + j**5/20 + j**4/6 - 2*j**3/3 - 20*j**2. List the prime factors of z(-3).
2, 19
Suppose -3*h = 13*c - 16*c + 4266, -2*c - 3*h = -2824. What are the prime factors of c?
2, 709
What are the prime factors of (-38)/38*(-4697 + 1)?
2, 587
Let j(l) = 26*l**3 + l**2 - 1. Let z = 3 - 2. Let b be j(z). Let o = b - 17. What are the prime factors of o?
3
Let x = 97 - -51. Let u = 210 - x. What are the prime factors of u?
2, 31
Let j(t) = 280*t - 13. List the prime factors of j(2).
547
Let t be (1982 - 0) + (12/4 - 7). Suppose t = 12*i - 650. List the prime factors of i.
3, 73
Let k(a) = -a**3 + 12*a**2 + 13*a + 28. List the prime factors of k(12).
2, 23
Suppose -5*y + 3*b + 253 = 0, -4*y + 2*b - 3 = -205. Suppose 0 = 3*f - 5*f + y. Let c = f + -20. What are the prime factors of c?
5
Let h(q) = 16*q + 5. Let m(p) = 15*p + 5. Let o(r) = 6*h(r) - 5*m(r). Let t be o(5). Suppose 0 = -d - 4*d + t. What are the prime factors of d?
2, 11
Suppose 9*q = 21*q - 132. Suppose -q*g - g = -2040. List the prime factors of g.
2, 5, 17
Let c be 1*(-8)/(4*-1). Suppose 0 = c*s + 2*s - 20. Let v(h) = -h + 9. What are the prime factors of v(s)?
2
Suppose -28*q + 1947 = -13341. List the prime factors of q.
2, 3, 7, 13
Let s(h) = h**2 + 2*h - 4. Let q be s(0). What are the prime factors of (3 + (-6 - q))/(1/180)?
2, 3, 5
Let n = 34 + -30. Suppose n*d - 234 = 58. List the prime factors of d.
73
Let n be (955/5)/(1 - 0). Suppose 1 = -w + n. Suppose -3*p = -3*b + 7*b - 170, -3*p + b + w = 0. What are the prime factors of p?
2, 31
Let t be ((-20)/(-12) - 3)*21. Let h = -25 - t. What are the prime factors of h?
3
Let c(a) = a**3 + 3*a**2 - 6*a. Let z be 1/((-2)/(-4 + 16)). Let t be c(z). Let d = t - -136. List the prime factors of d.
2
Let b be (-36)/(-14) + -3 + (-1459)/(-7). Suppose -2*z + 5 = 3*z, -z = 3*x - b. List the prime factors of x.
3, 23
Let i(g) = 0 + g**3 + 8*g**2 + 2*g**2 + 2 + 6*g - 3*g**2. What are the prime factors of i(-4)?
2, 13
Suppose 12*w + 7 = 5*w. What are the prime factors of (-4)/(-8)*6*w*-57?
3, 19
List the prime factors of (10 + 7374)/8 + 0.
13, 71
Suppose 8 = 3*p - 4. Suppose s - l + 69 = -0*l, 2*s + 163 = -3*l. What are the prime factors of ((-6)/p + 1)*s?
37
Let y = 23 - 21. Suppose 3*n - 51 = -z - 2*z, -y*n + 50 = 3*z. What are the prime factors of z?
2
Suppose -28*u + 3*s = -27*u - 3372, -u + 3380 = 5*s. What are the prime factors of u?
3, 5
Let i be (-40)/30*6/(-2). Suppose -4*o - o - 5*y - 20 = 0, -5*o - i*y = 19. What are the prime factors of (o*2)/(-2) + 17?
2, 5
Let n(b) = 3*b**3 - 88*b**2 + 6*b + 52. What are the prime factors of n(30)?
2, 127
List the prime factors of (-10)/65 - (-62408)/52.
2, 3, 5
Suppose 5*m - 732 = 588. Suppose -5*j + p = -m, -2*p - 2*p = 16. Let a = 92 - j. What are the prime factors of a?
2, 5
Suppose 0 = 4*j + g - 14700, 2*g = -5*j - 0*g + 18378. List the prime factors of j.
2, 11, 167
Suppose -3*v - 1 + 19 = 0. Let r = 1 + v. Suppose r = q - 19. What are the prime factors of q?
2, 13
Let z(x) = 68*x**2 + 94*x + 551. What are the prime factors of z(-6)?
5, 487
Let q be -21 + (-4 - -2) - 4. What are the prime factors of 53 + 9/(q/(-6))?
5, 11
Let q(v) = -13*v**2 - v - 1. Let k be q(2). Let l be (-8)/(-12) - 220/6. Let a = l - k. List the prime factors of a.
19
Let f be (-3)/(-5) - 2*36/120. Let o(q) = -q**3 - q**2 + 2*q + 2. Let t be o(-2). Suppose t*v + f*p - 2*p - 2 = 0, 9 = 5*v - 4*p. List the prime factors of v.
5
Let w = -38 - -51. Let c = w + 76. List the prime factors of c.
89
Suppose -2*j - 5359 = -4*z - 657, 5*j - 4695 = -4*z. List the prime factors of z.
5, 47
List the prime factors of (-8)/(-14) - (-2358)/14.
13
Let u be (19/2)/(4/8). Suppose -8 = 2*g + 5*t + 6, g - 4*t = u. What are the prime factors of g?
3
Suppose 34*j = 7*j + 19278. List the prime factors of j.
2, 3, 7, 17
Let v = 99 - 96. Let x(o) = 30*o**2 + 8*o - 2. List the prime factors of x(v).
2, 73
Let t = 415 + -252. Let a = t + -91. What are the prime factors of a?
2, 3
Suppose -6*v - 6 = -3*v. Let d be 0/((2 - v) + -1). Suppose d = -0*s + 2*s - 36. List the prime factors of s.
2, 3
Let d(c) = -37*c + 3. Suppose -13 - 2 = 5*l. What are the prime factors of d(l)?
2, 3, 19
Let v be (-1)/(-3)*(-7 - -5 - -32). Suppose -3*b - 16 = -3*m + 56, 4*m - 5*b = 92. Let l = m + v. What are the prime factors of l?
2, 19
What are the prime factors of ((-30)/(-8))/(31878/3984 - 8)?
2, 3, 5, 83
Let p(h) = 2*h**3 - 22*h**2 - 7*h + 8. Let u = 121 - 109. List the prime factors of p(u).
2, 53
Suppose -5*u = -109 - 91. Let o(h) = h**3 + 7*h**2 + h + 7. Let f be o(-7). Suppose j + 3*t - 5 - 7 = 0, f = 4*j + 4*t - u. What are the prime factors of j?
3
Let v = 1917 - 164. What are the prime factors of v?
1753
Let x(m) = 10*m + 40. What are the prime factors of x(62)?
2, 3, 5, 11
Let j be ((-2)/(-6))/(1/(-6)). List the prime factors of j/1*-13*4.
2, 13
Let u(s) be the first derivative of -s**3/3 + 5*s**2 - 11*s - 8. List the prime factors of u(6).
13
Let l(h) = -4*h + 14*h**2 - 7 + h**3 + 1 - 10*h**2. Let g be l(-4). Suppose 0 = 4*d - g - 38. What are the prime factors of d?
2, 3
Suppose 4*o = o + 336. Suppose 2*s = -5*a + 385 + o, 0 = s - 1. List the prime factors of a.
3, 11
Suppose 2 = r - 0. Suppose 0*a + r*a = -2. What are the prime factors of a - (-9)/3 - -9?
11
Suppose -5*y + 1580 = -375. List the prime factors of y.
17, 23
Suppose 0*o = -4*o - 3*r + 2, 0 = -4*o + 2*r + 12. Suppose 0 = g - 0*w - 5*w - 101, -228 = -o*g - 3*w. What are the prime factors of g?
3, 37
Let g(x) = 2*x**3 - 9*x**2 + 70. What are the prime factors of g(10)?
2, 3, 5, 13
Suppose -l + 18 = 2*l. Let o = l - 0. Suppose -5*z = 4*j - 31, 0 = 2*j - o*z + 2*z - 22. What are the prime factors of j?
3
Let g(u) = -u**2 - 9*u - 5. Let c be g(-7). Let r be c/6 + 14/(-4). Let s(n) = -7*n + 6. List the prime factors of s(r).
2, 5
Let w(o) = -3*o + 322. List the prime factors of w(-16).
2, 5, 37
Let i(f) = 3*f - 13. Let a be i(5). Suppose -4*r + 496 = -0*q - q, -a*r + 4*q = -262. What are the prime factors of r?
3, 41
Suppose -5 - 4 = -3*h. Suppose 5*y - 8 = -h. Suppose a = -5*q + y, 29 = -0*a + 2*a + q. What are the prime factors of a?
2
Suppose 8*g - 2491 = 12445. List the prime factors of g.
1867
Suppose -110 = 7*c - 1174. List the prime factors of c.
2